of d?
0
Let a(r) = 2*r + 1. Let c be a(2). Suppose -2*f - 12 = -c*f. What is the units digit of f?
4
Let q(k) = -25*k**2 - 1. Let d be q(1). Let x = -18 - d. What is the units digit of x?
8
Let s be 4/((-4)/(-2)) + -7. Let w(l) = l**3 + 5*l**2 - 6*l - 6. Let m be w(s). Suppose 4*n - 5*a - 1 = 0, 5*a - m = -3*n + a. What is the units digit of n?
4
Suppose -12 = -2*w - w, -w = -3*s + 5. Suppose -s*i = -6*i + 18. Suppose 0 = d + 4*m - 14, -5*m + i = -2*d - 5. What is the units digit of d?
2
Suppose -8 = -0*c - 4*c. Suppose -m + 6 = c. Suppose -m*i + 18 = -i. What is the units digit of i?
6
Let m = -8 + 11. Suppose -m*l - 7 = -4*l. What is the units digit of l?
7
Let q(a) = 9*a**2 + 17*a - 7. What is the hundreds digit of q(-6)?
2
Let q(k) = 2*k**2 - 2*k + 1. Let u be (-1)/4 - (-22)/(-8). What is the units digit of q(u)?
5
Suppose 6*c - 11*c = -485. What is the tens digit of c?
9
Suppose 53 = 3*r + 4*x - 0, 2*x = 10. What is the tens digit of r?
1
Suppose 3*b = -2*b + 40. Suppose -5*y = -2*p - 9, -b*y + 4*y + 20 = 0. What is the units digit of p?
8
Suppose 0*j = 2*u + 4*j - 54, 2*u - 5*j = 45. What is the units digit of u?
5
Let s be ((-3)/(-9))/(2/12). Suppose 5*n + 5 = -h + 15, -n + 5*h + s = 0. Suppose 6 - 20 = -v + n*u, 34 = 5*v + 2*u. What is the units digit of v?
8
What is the hundreds digit of (20/(-16) + 1)*-556?
1
Let x(l) = l - 8. Let q be x(9). Let i be 2 - (q + 12/(-3)). Suppose 14 = -t + 5*k, -2*t - 69 = -6*t - i*k. What is the units digit of t?
1
Let w be ((-15)/(-4))/(18/48). Suppose 4*g = g - 4*d + w, 0 = 4*g - 3*d - 5. What is the units digit of g?
2
What is the units digit of 1 + 1*(72 + 2)?
5
Let c be -3 + (-3)/6*-2. What is the units digit of ((-3)/(-4))/(c/(-16))?
6
Let t be (-48)/20 + (-6)/10. Let x = -1 - t. Suppose -x*d - 2*h + 9 = -21, -h - 55 = -4*d. What is the tens digit of d?
1
Let r be (2 + -3)*(-4)/2. Suppose 3*d - r*d = 0. Suppose 3*b = 2*m + b - 12, d = -4*m + b + 18. What is the units digit of m?
4
Let u = 11 - 11. Suppose u = -5*k - 79 + 274. What is the tens digit of k?
3
What is the units digit of (-269)/(-2) + (-9)/(-18)?
5
Suppose 3 = -5*n + 148. What is the units digit of n?
9
Suppose 4*m = 16, 2*y - 3*m + 0*m + 8 = 0. Suppose -4*u + 2*q = y, -3*u + 2*u + 3*q = -2. Let f = 1 - u. What is the units digit of f?
2
Suppose 9 = 6*r - 3*r. Suppose -6 = r*d - 18. What is the units digit of d?
4
Let t(n) = -138*n. What is the units digit of t(-1)?
8
Let q(w) = w**3 - w**2 - 2*w + 2. Let m be (-1 + 0 + 2)*1. Suppose n - m - 1 = 0. What is the units digit of q(n)?
2
Let k(b) = b - 22. Let j be k(7). Let l = j - -56. What is the tens digit of l?
4
Let y(t) = -4 + 5*t - 6 + 0*t. What is the tens digit of y(5)?
1
Let r be ((-4)/6)/((-3)/(-9)). Let p = r - 21. Let n = p - -33. What is the tens digit of n?
1
Let l(j) = -22*j**3 - j**2 + j. What is the units digit of l(-1)?
0
Let y = 2 - -21. What is the tens digit of y?
2
Let q(f) = -f**3 + 8*f**2 + f - 1. Let v(x) = x**2 + 10*x + 8. Let b be v(-10). What is the units digit of q(b)?
7
Suppose 4*t = 8*t - 320. Suppose 0 = 2*d + 3*d - t. What is the units digit of d?
6
Suppose -2*r = -106 + 18. What is the units digit of r?
4
Suppose 0 = -25*w + 24*w + 242. What is the hundreds digit of w?
2
Let x(z) be the first derivative of -z**4/4 - 5*z**3/3 - z + 1. What is the tens digit of x(-6)?
3
Let k(i) = i**3 + 7*i**2 + 5*i + 1. Suppose 4*x + 3*y + 15 = 0, 0*x - 4*y = -2*x - 24. What is the units digit of k(x)?
7
Suppose -g = 3*g. Let c be -2 - (2 - 2/(-2)). Let j = g - c. What is the units digit of j?
5
Let j = 171 - 118. What is the tens digit of j?
5
Suppose -2*n = -3*n - 4. Let x(m) = -m**2 - m + 4. Let y be x(n). What is the units digit of 1/((-1)/(y - -1))?
7
Suppose g - 6*g + 100 = 0. Let m = -1 - g. Let i = m - -39. What is the units digit of i?
8
Let l(z) = z**2 + 7*z + 42. What is the tens digit of l(-7)?
4
Let v = 105 - 71. What is the tens digit of v?
3
Suppose 2*w - 64 = 4*c - 2*c, -3*c = 4*w - 128. What is the tens digit of w?
3
Let h(d) = d + 11. Let j be h(-8). Suppose 0 = -2*s - j*i + 21, 3 + 9 = -s + 3*i. Suppose 7 - s = q. What is the units digit of q?
4
Suppose 4*t - 82 = 138. What is the tens digit of t?
5
Suppose -2*h - 44 = -3*o - 110, 113 = 3*h - o. What is the tens digit of h?
3
Let p = 10 - 7. Let y = p + 15. What is the tens digit of y?
1
Let v = -22 + 38. What is the tens digit of v?
1
Suppose n + 4*n = -10. Let g be n/(-10) - (-162)/(-10). Let y = g + 28. What is the tens digit of y?
1
What is the units digit of (-2 - 18)*(-4)/10?
8
Let f = 7 + -10. What is the units digit of (f*6)/(9/(-12))?
4
Let m(s) = -20*s - 18. What is the tens digit of m(-10)?
8
Let r = 17 - 3. What is the units digit of r?
4
Let w = -80 - -144. What is the units digit of w?
4
Let c(l) = l**3 + 6*l**2 + 2*l - 5. Let y be c(-6). Let g = -12 - y. Suppose 6 = -2*a + g*a. What is the units digit of a?
2
Let p = 89 + -12. What is the units digit of p?
7
What is the tens digit of (-1350)/(-8) - (-4)/(112/(-21))?
6
Let t = -133 + 201. What is the units digit of t?
8
Suppose r + 3*o - 15 = -r, 3*o = 15. Suppose r*y + 6 = -z + y, -4*z = 3*y + 3. Let f(b) = b**2 - b + 4. What is the units digit of f(z)?
6
Let t = 495 - 257. What is the units digit of t?
8
Let x(m) = -19*m - 10. What is the units digit of x(-3)?
7
Let j = 10 - 11. Let i = 5 + j. What is the units digit of i?
4
Let c = 184 + -50. What is the hundreds digit of c?
1
Let s be (-5 + -2)*-1 - 2. What is the tens digit of -2 + s - (-1 - 10)?
1
Suppose 3*s - 8*s - 4*y - 128 = 0, 6 = -3*y. What is the units digit of (18/(-24))/(1/s)?
8
Let u(r) = r**2 + 2*r - 2. Let j be (-5 - 0)*(-3)/(-5). What is the units digit of u(j)?
1
Suppose 2*p + 3 = p. Let o(s) = -2*s - 4. Let v be o(p). What is the units digit of (v/(-4))/(2/(-24))?
6
Let g = 461 + -250. What is the tens digit of g?
1
Let g be 14/7*(-3 + 1). Let o be (0 - g) + 1 + -2. Suppose -4*l + 2*l = 5*z - 27, -o*l + 51 = -3*z. What is the tens digit of l?
1
Let x = 200 + -126. Let z be x/10 - (-6)/(-15). Suppose 2*g = -b + z, -g + 2*b - 4 = -0*b. What is the units digit of g?
2
Let k = -55 - -147. What is the tens digit of k?
9
Let w be 0 + 17 - (-1 + 1). Let l = w + -1. What is the tens digit of l?
1
Suppose 4 = 2*l - s, -5*l = -7*s + 2*s. Suppose 0 = 2*i - 42 + l. What is the units digit of i?
9
Let m(a) = 21*a**2 + a. Let j be m(-1). Let p be (12/(-15))/((-1)/5). Suppose 0*u = -p*u + j. What is the units digit of u?
5
Let q(r) = -r - 5. Let b be q(-7). Suppose -m = 2*m + g - 18, b*g = 3*m - 18. Let d = m + -2. What is the units digit of d?
4
Let t(m) = 4*m. Let y be -2*(1/2 - 1). Let h be t(y). Suppose 0 = -h*z + 16, z - 6*z = 5*d - 85. What is the units digit of d?
3
Let w = 7 - 6. Let c(b) be the first derivative of 5*b**2/2 + b - 1. What is the units digit of c(w)?
6
Let f(z) = z**3 + 5*z**2 + 4*z. Let s be f(-4). Suppose 5*x + s*x = 185. What is the tens digit of x?
3
Suppose 2*z - 134 = z. What is the units digit of z?
4
Suppose 54 - 214 = -4*l. Suppose 0 = -5*x + x + l. What is the tens digit of x?
1
Suppose 4*a + 100 = 2*v + 250, -v - 151 = -4*a. What is the tens digit of a?
3
Let d be 2/6*1*102. Let n = d - 14. What is the tens digit of n?
2
Suppose 4*n = -18 + 86. What is the tens digit of n?
1
Let r(c) = 4*c**3 - 2*c**2 + 2*c - 1. Let i be r(3). Suppose -i = -5*y - 40. What is the tens digit of y?
1
Let q = 3 - 1. Suppose 0 = -0*b + 3*b + 5*m - 31, q*b + 2*m = 22. Suppose 2*d - t - b = -3*t, 0 = t. What is the units digit of d?
6
Suppose -6 = -5*q - 2*d, -2 = 3*d - 2*d. Suppose -5*b + 78 = -q*b. What is the units digit of b?
6
Suppose 3*u + 30 = 3*k, 5 = 2*k + 2*u - 19. Suppose k = g + 2*p, 0*g = 2*g - 4*p - 46. What is the units digit of g?
7
Suppose 0 = -4*w + 3*s + 8, -2*s + 1 = 4*w - 7. Suppose 6 = w*r - r. Let g(k) = -k**3 + 7*k**2 - 5*k - 5. What is the units digit of g(r)?
1
What is the units digit of -1*-1*(-30)/(-3)?
0
Suppose -4*j + 48 = 12. What is the units digit of j?
9
Suppose -2*p + 5*a = p + 7, 3*p - 3*a = -3. Let r(q) = -1. Let c(l) = l**2 + 4*l + 9. Let k(y) = p*c(y) + 6*r(y). What is the units digit of k(-6)?
5
Let i(j) = 2*j - 3*j - 2 + 3*j. Let w be ((-10)/1)/(-5) - -2. What is the units digit of i(w)?
6
Let x(y) = -y - 5. Let f be x(-7). Let